{"id":72,"date":"2023-10-05T06:54:33","date_gmt":"2023-10-05T06:54:33","guid":{"rendered":"https:\/\/development.b4bynd.com\/hatayakademi\/?page_id=72"},"modified":"2023-10-06T10:20:12","modified_gmt":"2023-10-06T10:20:12","slug":"hakkimizda","status":"publish","type":"page","link":"https:\/\/hataysenfoniorkestrasi.com\/index.php\/hakkimizda\/","title":{"rendered":"Hakk\u0131m\u0131zda"},"content":{"rendered":"\n<p>Hatay Akademi Orkestras\u0131, kendi co\u011frafyas\u0131nda k\u00fclt\u00fcr ve sanat alan\u0131nda bir d\u00f6n\u00fc\u015f\u00fcm yaratma idealiyle yola \u00e7\u0131kar ve t\u00fcm d\u00fcnyan\u0131n k\u00fclt\u00fcrel zenginli\u011fiyle tan\u0131d\u0131\u011f\u0131 kadim diyar\u0131n k\u00fclt\u00fcrel ve sanatsal olu\u015fumlar, faaliyetler, fikirler, ekoller a\u00e7\u0131s\u0131ndan da hak etti\u011fi yerde olmas\u0131 i\u00e7in 2019 y\u0131l\u0131nda kurulur. Hatay Senfoni Orkestras\u0131 K\u00fclt\u00fcr-Sanat Derne\u011fi (HSO) b\u00fcnyesinde faaliyetini s\u00fcrd\u00fcren Hatay Akademi Orkestras\u0131, Hatay\u2019\u0131n senfonik formda kurulan ilk ve tek orkestras\u0131d\u0131r.\u00a0 Orkestra \u00fcyelerinin tamam\u0131 konservatuar mezunlar\u0131, konservatuar \u00f6\u011frencileri ve m\u00fczik \u00f6\u011fretmenlerinden olu\u015fur.\u00a0 Hatay Akademi Orkestras\u0131 b\u00fcnyesinde kurulan Hatay \u00c7ok Sesli Korosu\u2019yla bir b\u00fct\u00fcn halinde hareket eder. Kuruldu\u011fu y\u0131ldan bu yana \u00e7e\u015fitli konser, proje, e\u011fitim, at\u00f6lye faaliyetleri ger\u00e7ekle\u015ftirmi\u015f, \u00e7ekirdekten d\u00f6n\u00fc\u015f\u00fcm hedefiyle \u00e7ocuk koro ve orkestralar\u0131 kurmu\u015ftur. Farkl\u0131 \u015fehirlerdeki, \u00c7ukurova \u00dcniversitesi Devlet Konservatuvar\u0131, \u0130zmir Mahal Aura gibi kurum ve olu\u015fumlarla a\u011f kurarak ortak projeler y\u00fcr\u00fctmeye devam etmi\u015f, Culture Civic, K\u00fclt\u00fcr \u0130\u00e7in Alan, A.B. Sivil D\u00fc\u015f\u00fcn taraf\u0131ndan da desteklenen projelerde yer alm\u0131\u015ft\u0131r.\u00a0<\/p>\n\n\n\n<p>6 \u015eubat 2023 depreminden \u00e7ok etkilenen illerden birisi Hatay\u2019d\u0131r. Hatay\u2019\u0131n t\u00fcm il\u00e7eleri b\u00fcy\u00fck zarar g\u00f6r\u00fcr ve kadim kent tamamen y\u0131k\u0131l\u0131r. Orkestra \u00fcyelerinden Vurma sazlar sanat\u00e7\u0131s\u0131 Abdurrahman D\u00fczg\u00fcn, Soprano Cansu \u00c7ilingir, Viyola sanat\u00e7\u0131s\u0131 B\u00fc\u015fra K\u0131rk\u0131c\u0131, Kontrbass sanat\u00e7\u0131s\u0131 Ali Y\u0131lmaz hayat\u0131n\u0131 kaybeder.\u00a0 Sa\u011f kalan \u00fcyelerinin \u00e7o\u011fu saatler sonra enkazdan \u00e7\u0131kar\u0131l\u0131r, sevdiklerini kaybeder.\u00a0 Evleri y\u0131k\u0131l\u0131r. \u0130yi g\u00fcnde k\u00f6t\u00fc g\u00fcnde orkestraya yol arkada\u015fl\u0131\u011f\u0131 yapan, \u00fczerlerinde orkestra \u00fcyelerinin izleri olan, her birinin ruhu oldu\u011funa inand\u0131klar\u0131 enstr\u00fcmanlar\u0131n\u0131n b\u00fcy\u00fck \u00e7o\u011funlu\u011fu enkaz alt\u0131nda kal\u0131r. Orkestran\u0131n kurucu\/\u015fefi d\u0131\u015f\u0131nda t\u00fcm orkestra \u00fcyeleri \u015fehirlerinden g\u00f6\u00e7 etmek zorunda kal\u0131r.\u00a0<\/p>\n\n\n\n<p>Hatay Akademi Orkestras\u0131, ad\u0131n\u0131 4. Y\u00fczy\u0131lda Antakya\u2019da ya\u015fayan Libanius\u2019un kurdu\u011fu Antakya Akademisi\u2019nden al\u0131r.&nbsp; T\u0131pk\u0131 o d\u00f6nemde d\u00fcnyan\u0131n bir\u00e7ok yerinden d\u00fc\u015f\u00fcn\u00fcrler, bilim insanlar\u0131, \u00f6\u011frencilerin gelip e\u011fitim almalar\u0131 gibi bilim insanlar\u0131na, sanat\u00e7\u0131lara, entelekt\u00fcellere, \u00f6\u011frencilere bir sanat yuvas\u0131 olmay\u0131 ama\u00e7lar ve Hatay Akademi orkestras\u0131 kendini k\u00fclt\u00fcr ve sanat alan\u0131nda bir d\u00f6n\u00fc\u015f\u00fcm hareketi olarak tan\u0131mlar. Logosunun \u0130pek b\u00f6ce\u011fi olmas\u0131 tesad\u00fcf de\u011fildir. \u0130pek b\u00f6ce\u011fi kozas\u0131n\u0131 kendisi \u00f6rer. Kozaya bir b\u00f6cek olarak girer ve koza i\u00e7inde d\u00f6n\u00fc\u015ferek sonunda bir kelebek olup kozadan u\u00e7ar. Sanat da insan\u0131n kendini var etme s\u00fcrecidir. Hatay Akademi Orkestras\u0131 sanat\u00e7\u0131lar\u0131 da bir ipek b\u00f6ce\u011fi gibi kendi kozas\u0131n\u0131 \u00f6r\u00fcp, kendisini geli\u015ftirerek kozas\u0131 i\u00e7inde d\u00f6n\u00fc\u015ferek, kendisini ger\u00e7ekle\u015ftirerek bir kelebek olup ba\u015fka d\u00f6n\u00fc\u015f\u00fcmler yaratmak i\u00e7in u\u00e7mak istiyor.&nbsp;<\/p>\n\n\n\n<p>Hatay Akademi Orkestras\u0131, hem\u015ferisi Libanius\u2019un bahsetti\u011fi meleklerden olup Antakya\u2019ya inmek, kurulacak yeni \u015fehrin, Antakya\u2019n\u0131n tarihine, mimarisine, ruhuna uygun in\u015fa edilmesinde s\u00f6z sahibi olmak, k\u00fclt\u00fcr ve sanat ile yeni ya\u015fam\u0131 \u00f6rmek, sanatla, ya\u015fanan ac\u0131lara i\u015faret etmek, haf\u0131zalar\u0131 diri tutmak, tarihe not d\u00fc\u015fmek istiyor\u2026Ve \u00f6r\u00fclecek yeni ya\u015fama giden yolda \u201cumut\u2019\u2019u do\u011furmak istiyor\u2026<\/p>\n","protected":false},"excerpt":{"rendered":"<p>HAO sanat\u0131n iyile\u015ftirici g\u00fcc\u00fcne, yeni bir ya\u015fam\u0131 \u00f6rmek i\u00e7in ayakta kalmaya; sanat\u0131n, toplumun ya\u015fad\u0131\u011f\u0131 travmalardan \u00e7\u0131kmas\u0131nda rol alan en \u00f6nemli dinamiklerden birisi oldu\u011funa inan\u0131r. Bu ger\u00e7eklikten hareketle, tarihin y\u00fckledi\u011fi sorumlulukla bu y\u0131k\u0131mdan da yeni bir var olu\u015f, yeni bir ya\u015fam \u00f6rmek inanc\u0131na s\u0131k\u0131 s\u0131k\u0131ya sar\u0131larak \u00e7\u0131kmaya kararl\u0131d\u0131r. Yeni ya\u015fam\u0131n \u00f6r\u00fclmesinde rol almaya ve \u00fcstlerine d\u00fc\u015feni yapmaya devam etme karar\u0131 alm\u0131\u015flard\u0131r. Hatayl\u0131 sanat\u00e7\u0131lar, sanat e\u011fitimcileri ve bu \u00fclkenin \u00e7ocuklar\u0131 olarak tarih sahnesindeki g\u00f6revlerini yerine getirmeye; Hatay\u2019\u0131n ya\u015fad\u0131\u011f\u0131 y\u0131k\u0131m\u0131n ve felaketin ayn\u0131 zamanda yeni bir var olu\u015f oldu\u011funa inanm\u0131\u015flard\u0131r.  T\u0131pk\u0131 d\u00fcnyan\u0131n bas\u0131nc\u0131 alt\u0131nda elmasa d\u00f6n\u00fc\u015fen toz tanesi gibi, bu y\u0131k\u0131m\u0131n yaratt\u0131\u011f\u0131 tozdan yeni bir var olu\u015f, yeni bir ya\u015fam \u00f6rmeyi ama\u00e7 edinmi\u015ftir. <\/p>\n","protected":false},"author":1,"featured_media":0,"parent":0,"menu_order":0,"comment_status":"closed","ping_status":"closed","template":"","meta":{"footnotes":""},"class_list":["post-72","page","type-page","status-publish","hentry"],"acf":[],"aioseo_notices":[],"_links":{"self":[{"href":"https:\/\/hataysenfoniorkestrasi.com\/index.php\/wp-json\/wp\/v2\/pages\/72","targetHints":{"allow":["GET"]}}],"collection":[{"href":"https:\/\/hataysenfoniorkestrasi.com\/index.php\/wp-json\/wp\/v2\/pages"}],"about":[{"href":"https:\/\/hataysenfoniorkestrasi.com\/index.php\/wp-json\/wp\/v2\/types\/page"}],"author":[{"embeddable":true,"href":"https:\/\/hataysenfoniorkestrasi.com\/index.php\/wp-json\/wp\/v2\/users\/1"}],"replies":[{"embeddable":true,"href":"https:\/\/hataysenfoniorkestrasi.com\/index.php\/wp-json\/wp\/v2\/comments?post=72"}],"version-history":[{"count":3,"href":"https:\/\/hataysenfoniorkestrasi.com\/index.php\/wp-json\/wp\/v2\/pages\/72\/revisions"}],"predecessor-version":[{"id":143,"href":"https:\/\/hataysenfoniorkestrasi.com\/index.php\/wp-json\/wp\/v2\/pages\/72\/revisions\/143"}],"wp:attachment":[{"href":"https:\/\/hataysenfoniorkestrasi.com\/index.php\/wp-json\/wp\/v2\/media?parent=72"}],"curies":[{"name":"wp","href":"https:\/\/api.w.org\/{rel}","templated":true}]}}